4*k - 77, -2*q + 38 = -4*k - 0. Suppose q*s = 24*s - 4. What is the remainder when v(9) is divided by s?
0
Let l(v) = -v**2 - 13*v + 23. Suppose -119*q + 128*q = -108. Calculate the remainder when 275 is divided by l(q).
30
Let k(h) = 2*h**2 - h - 1. What is the remainder when (1 - -1)*2656/64 is divided by k(-3)?
3
Suppose 2*z + 4830 = 7*z. Suppose 9*i = -5*i + z. Let q = -13 - -27. What is the remainder when i is divided by q?
13
Calculate the remainder when 2225 is divided by 6*((-30)/(-8))/3*2296/2460.
6
Suppose a + 2 = -3*k - 1, 4*a - 4*k - 36 = 0. Let x(n) = 3*n - 8. Suppose 62 = 25*l - 88. What is the remainder when x(a) is divided by l?
4
Suppose h + 2*c - 2964 = 4*c, 2*h + 3*c = 5907. What is the remainder when h is divided by 80?
78
Let x = 4064 - 4054. What is the remainder when 207 is divided by x?
7
Let d = 233 + -233. Calculate the remainder when (0 - -5) + 223 + 1 + d is divided by 58.
55
Let r(t) = 5*t - 36. Let y(o) = 12*o - 73. Let k(h) = -5*r(h) + 2*y(h). Calculate the remainder when k(15) is divided by 5.
4
Suppose -r + 12 + 21 = 0. Calculate the remainder when ((-1112)/(-64))/((-1)/(-8)) + -9 is divided by r.
31
Let j(t) = -16*t + 78. Let q(z) = -z**3 - 4*z**2 + 19*z - 10. Let i be q(-7). Calculate the remainder when 36 is divided by j(i).
8
Let l(c) = -2*c**3 - 56*c**2 - 61*c - 65. What is the remainder when 866 is divided by l(-27)?
122
Calculate the remainder when 1411 is divided by 5/(20/52) + (6 + -1)/(-1).
3
Suppose -100 = -h - 4*s, s - 4 + 1 = 0. Suppose -4*m - 48 - 14 = -3*a, -10 = 5*m. Calculate the remainder when h is divided by a.
16
Suppose x - 5 = -0*x - w, -3*x = 2*w - 10. Suppose x*y = 2*y - 68. Calculate the remainder when (-18)/4*(-9472)/666 is divided by y.
30
Let o = -790 - -819. Suppose 23*g = o*g - 3264. Calculate the remainder when g is divided by 39.
37
Suppose 0 = -14*s + 18*s - 96. Let n be 88*((-20)/(-6) + (-8)/s). Let b = n + -155. Calculate the remainder when b is divided by 29.
22
Suppose -20*k + 56003 = -148364 - 25133. Calculate the remainder when k is divided by 302.
301
Suppose 5*y = 4*g - 158, -g - y + 54 - 10 = 0. What is the remainder when 3175 is divided by g?
25
Suppose 8848 = -60*i + 9088. Calculate the remainder when 98 is divided by i.
2
Suppose 108*q - 27*q + 46*q - 36957 = 0. Calculate the remainder when 1240 is divided by q.
76
Let h(q) = -9*q - 6*q**2 - 1904*q**3 + 1905*q**3 + 41 + 21*q**2 + 25. What is the remainder when h(-14) is divided by 65?
63
Suppose 0 = r + 2, -3*r - 2 = 4*c - 4. Calculate the remainder when 291 is divided by c.
1
Suppose -2*g + 2*k = -0*g - 54, 4*g = 5*k + 110. Let a = g - 23. Let b = a + 2. Calculate the remainder when 6 is divided by b.
2
Let a(i) = -2*i**3 + i**2 - i - 1. Let s(g) = 703*g - 5604. Calculate the remainder when s(8) is divided by a(-1).
2
Let g(c) = -32 - c**2 + 30 - 13*c - 23. Calculate the remainder when g(-6) is divided by 13.
4
Let f(j) = 7*j**2 - 6*j + 4. Let q be f(-4). Suppose -q - 292 = -4*d. What is the remainder when d is divided by 27?
0
Let d(q) = 84*q + 27. Let f be d(4). Suppose -9*k + f = -204. Let z = 40 + -18. What is the remainder when k is divided by z?
19
Let k(f) = -35*f - 830. Calculate the remainder when 3404 is divided by k(-48).
4
Suppose -2 = x - 16. Suppose -l - 325 = -x*l. Suppose -5*a - l = 0, -4*f + 13 + 18 = 5*a. What is the remainder when 53 is divided by f?
11
Let q be (1 + 0)*7 + (1 - 4). Suppose 21 = -5*k - q. Let l(h) = -5*h - 17. Calculate the remainder when 20 is divided by l(k).
4
Calculate the remainder when 587 is divided by (-860)/(-43) - (10 - -2).
3
Let t(a) = 28*a + 312. What is the remainder when 178 is divided by t(-11)?
2
Suppose -76*w + 321 = -40*w - 723. Calculate the remainder when w is divided by (1 - (-3)/(-2))*-20.
9
Let y = -6 - -10. Suppose -39 = -y*m + 9. Let q(g) = 3*g**2 - 40*g + 29. What is the remainder when q(14) is divided by m?
9
Suppose -v - 1 = -5*c - 8, v + 5*c = 27. Suppose 0*f = -5*f + 720. Calculate the remainder when v is divided by ((-6)/(-4))/(54/f).
1
Let y = -7 + 8. Let c(o) = -o**2 - 16*o + 37. Let x be c(-17). Let q = x - 17. What is the remainder when q is divided by y?
0
Let j be (-10)/(-4) + 2/16*4. Suppose j*w = -2*w. Suppose w = 3*y - 37 - 83. What is the remainder when y is divided by 11?
7
Suppose 0 = 15*d - 30*d + 135. Suppose -2*x + 47 = -f, d*x + 4*f - 150 = 4*x. What is the remainder when x is divided by 7?
5
Suppose -5*y = 2*g + 92, 26*y - 21*y - 3*g = -87. What is the remainder when 27 is divided by (62 + -53)*(-28)/y?
13
What is the remainder when 8005 is divided by 17 + (-1510)/90 + (259/9 - 1)?
25
Calculate the remainder when (-6)/36 + -115183*(-5)/30 is divided by 30.
27
Let w = 6953 - 5493. Calculate the remainder when w is divided by 146.
0
Suppose 5 = -39*x + 135*x - 8827. Calculate the remainder when 362 is divided by x.
86
Let x(a) = 7 + 5 - 93*a + 140*a. Suppose u + 4*u = -2*c + 153, 3*u - 88 = -5*c. What is the remainder when x(5) is divided by u?
30
Let u = 41005 - 40883. Calculate the remainder when 146 is divided by u.
24
Suppose 10*v = 19*v - 81. Suppose 0 = -2*y + v + 37. What is the remainder when 41 is divided by y?
18
Let u = -3354 - -4126. Calculate the remainder when u is divided by 18.
16
Suppose 65*u - 603 = -124*u - 12*u. Suppose 0 = w - 3 - 20. Calculate the remainder when w is divided by u.
2
Suppose -y - 3*f = -4*f - 21, 3*y - f = 59. What is the remainder when 283 is divided by y?
17
Suppose a - 134 = -4*x, 129 = a - 0*a + 3*x. Suppose 119*v - 160 = a*v. Calculate the remainder when 61 is divided by v.
29
Suppose 2*u = 4*a - 1222, 0 = -3*a + 2*u + 234 + 682. Let i(d) = d**2 + d + 1. Calculate the remainder when a/4 - 6/(-12) is divided by i(-4).
12
Let a(v) = -434*v + 8348. What is the remainder when a(19) is divided by (1*2)/((-2)/(-15))?
12
Let d(b) = 133*b - 5447. What is the remainder when 1834 is divided by d(41)?
4
Let p = 84 - 59. Suppose 4*h = h + m + 466, -2*h + 308 = 2*m. Suppose -p = -3*w + h. What is the remainder when w is divided by 9?
6
Suppose -5*p + 3*o + 997 = 0, -4*o + 414 = 2*p - 9*o. Let c = p - 168. Calculate the remainder when 84 is divided by c.
26
Let r = -20605 + 24171. What is the remainder when r is divided by 102?
98
Let f(t) = 2 - 20*t - 66 + 29 + 6. Calculate the remainder when f(-5) is divided by 5.
1
Let k(u) = -41*u + 352. Calculate the remainder when k(8) is divided by 16.
8
Suppose -21*p + 385 = -1358. Let i be (1 + 1)/(1/2). Suppose -84 = -2*a - h, -5*a + 0*a + 210 = i*h. What is the remainder when p is divided by a?
41
Let v(q) = -642*q + 5844. What is the remainder when 151 is divided by v(9)?
19
Let r = 12 - -186. Let y be (r/(-4) - (-11)/22)*2. What is the remainder when 84 is divided by (58/6)/(5 + y/21)?
26
What is the remainder when 15164*(6 + (-437)/76) is divided by 55?
51
Let g = 8 - 27. Let r be (-367 - g)*((-5)/2 + 2). Suppose -4*w = -r - 22. What is the remainder when w is divided by 26?
23
Suppose 7*g - 9*g - 93 = -3*r, 0 = -3*r - 5*g + 93. Suppose r*m - 186 = 30*m. Calculate the remainder when m is divided by 64.
58
Suppose 28*b + 228 = 53*b - 6*b. Calculate the remainder when 942 is divided by b.
6
Suppose 147*x + 119 = 154*x. Calculate the remainder when 660 is divided by x.
14
Let l = 17 - -42. Suppose 9*v = 2*v - 14. Calculate the remainder when l is divided by (6/(-9))/(v - 177/(-90)).
19
Let p be (-7 - -23)/(1/7). Suppose -318*g + p = -314*g. What is the remainder when 165 is divided by g?
25
Let p = -906 - -1069. Let w = p - -421. What is the remainder when w is divided by 45?
44
Let g(h) = 41*h**2 + 3*h + 2. Let k = -37 - -35. Let d be g(k). Suppose 23*f = 28*f - d. Calculate the remainder when f is divided by 9.
5
Suppose 7409 = 259*p - 21081. Calculate the remainder when 394 is divided by p.
64
Let f(w) = 22*w + 23. Let o be f(5). Let p = -127 + o. What is the remainder when ((-2)/(-4))/(3/60) is divided by p?
4
Suppose -26 = -2*r - 4*l, 4*r = -3*l + l + 34. Suppose 23 = 4*g + r. Suppose 3*j = 6*j + 15, g*t + j - 11 = 0. What is the remainder when 19 is divided by t?
3
Suppose -13 = 7*o - 76. Suppose -3*l + 3 = -9. Suppose 129 = l*p + o. What is the remainder when 88 is divided by p?
28
Suppose 19*q = 21*q + 10. Let m(d) = 8*d**2 - 12*d - 49. Calculate th